{"id":100,"date":"2020-06-01T20:30:44","date_gmt":"2020-06-01T18:30:44","guid":{"rendered":"http:\/\/psychannabelle.com\/?page_id=100"},"modified":"2022-10-28T19:21:17","modified_gmt":"2022-10-28T17:21:17","slug":"sophrologie","status":"publish","type":"page","link":"https:\/\/psychannabelle.com\/index.php\/sophrologie\/","title":{"rendered":"Sophrologie et hypnoth\u00e9rapie"},"content":{"rendered":"\n<p>La sophrologie est une d\u00e9marche de pr\u00e9vention et de gestion des \u00e9motions face \u00e0 des \u00e9v\u00e9nements ou situations.  <\/p>\n\n\n\n<h4>Prestations<\/h4>\n\n\n\n<ul><li>Gestion du stress<\/li><li>Confiance en soi<\/li><li>Pr\u00e9paration \u00e0 l&rsquo;accouchement<\/li><li>Pr\u00e9paration de sportifs haut niveau<\/li><li>Troubles du sommeil<\/li><li>Pr\u00e9paration au changement de vie<\/li><li>Gestion des \u00e9motions<\/li><li>Estime de soi<\/li><li>Phobies<\/li><li>Pr\u00e9paration d&rsquo;examens<\/li><li>Troubles alimentaires<\/li><li>Addictions<\/li><\/ul>\n\n\n\n<div class=\"wp-block-buttons is-content-justification-center\">\n<div class=\"wp-block-button\"><a class=\"wp-block-button__link\" href=\"https:\/\/perfactive.fr\/psychanalyste\/courcelles-sur-nied\/annabelle-sabatie-weber\">Prendre rdv<\/a><\/div>\n<\/div>\n","protected":false},"excerpt":{"rendered":"<p>La sophrologie est une d\u00e9marche de pr\u00e9vention et de gestion des \u00e9motions face \u00e0 des \u00e9v\u00e9nements ou situations. Prestations Gestion du stress Confiance en soi Pr\u00e9paration \u00e0 l&rsquo;accouchement Pr\u00e9paration de sportifs haut niveau Troubles du sommeil Pr\u00e9paration au changement de vie Gestion des \u00e9motions Estime de soi Phobies Pr\u00e9paration d&rsquo;examens Troubles alimentaires Addictions<\/p>\n","protected":false},"author":1,"featured_media":0,"parent":0,"menu_order":0,"comment_status":"closed","ping_status":"closed","template":"","meta":[],"yoast_head":"<!-- This site is optimized with the Yoast SEO plugin v14.2 - https:\/\/yoast.com\/wordpress\/plugins\/seo\/ -->\n<title>Sophrologie et hypnoth\u00e9rapie - Annabelle Sabati\u00e9<\/title>\n<meta name=\"robots\" content=\"index, follow\" \/>\n<meta name=\"googlebot\" content=\"index, follow, max-snippet:-1, max-image-preview:large, max-video-preview:-1\" \/>\n<meta name=\"bingbot\" content=\"index, follow, max-snippet:-1, max-image-preview:large, max-video-preview:-1\" \/>\n<link rel=\"canonical\" href=\"https:\/\/psychannabelle.com\/index.php\/sophrologie\/\" \/>\n<meta property=\"og:locale\" content=\"fr_FR\" \/>\n<meta property=\"og:type\" content=\"article\" \/>\n<meta property=\"og:title\" content=\"Sophrologie et hypnoth\u00e9rapie - Annabelle Sabati\u00e9\" \/>\n<meta property=\"og:description\" content=\"La sophrologie est une d\u00e9marche de pr\u00e9vention et de gestion des \u00e9motions face \u00e0 des \u00e9v\u00e9nements ou situations. Prestations Gestion du stress Confiance en soi Pr\u00e9paration \u00e0 l&rsquo;accouchement Pr\u00e9paration de sportifs haut niveau Troubles du sommeil Pr\u00e9paration au changement de vie Gestion des \u00e9motions Estime de soi Phobies Pr\u00e9paration d&rsquo;examens Troubles alimentaires Addictions\" \/>\n<meta property=\"og:url\" content=\"https:\/\/psychannabelle.com\/index.php\/sophrologie\/\" \/>\n<meta property=\"og:site_name\" content=\"Annabelle Sabati\u00e9\" \/>\n<meta property=\"article:modified_time\" content=\"2022-10-28T17:21:17+00:00\" \/>\n<meta name=\"twitter:card\" content=\"summary_large_image\" \/>\n<script type=\"application\/ld+json\" class=\"yoast-schema-graph\">{\"@context\":\"https:\/\/schema.org\",\"@graph\":[{\"@type\":[\"Person\",\"Organization\"],\"@id\":\"https:\/\/psychannabelle.com\/#\/schema\/person\/88445233405a9bd00f761d6c7891139e\",\"name\":\"annabellepsy\",\"image\":{\"@type\":\"ImageObject\",\"@id\":\"https:\/\/psychannabelle.com\/#personlogo\",\"inLanguage\":\"fr-FR\",\"url\":\"https:\/\/secure.gravatar.com\/avatar\/fd107e3fa90458ed3e6137f0d37890b0?s=96&d=mm&r=g\",\"caption\":\"annabellepsy\"},\"logo\":{\"@id\":\"https:\/\/psychannabelle.com\/#personlogo\"}},{\"@type\":\"WebSite\",\"@id\":\"https:\/\/psychannabelle.com\/#website\",\"url\":\"https:\/\/psychannabelle.com\/\",\"name\":\"Annabelle Sabati\\u00e9\",\"description\":\"Psychoth\\u00e9rapie, psychanalyse, sophrologie et hypnoth\\u00e9rapie en t\\u00e9l\\u00e9consultation ou en cabinet.\",\"publisher\":{\"@id\":\"https:\/\/psychannabelle.com\/#\/schema\/person\/88445233405a9bd00f761d6c7891139e\"},\"potentialAction\":[{\"@type\":\"SearchAction\",\"target\":\"https:\/\/psychannabelle.com\/?s={search_term_string}\",\"query-input\":\"required name=search_term_string\"}],\"inLanguage\":\"fr-FR\"},{\"@type\":\"WebPage\",\"@id\":\"https:\/\/psychannabelle.com\/index.php\/sophrologie\/#webpage\",\"url\":\"https:\/\/psychannabelle.com\/index.php\/sophrologie\/\",\"name\":\"Sophrologie et hypnoth\\u00e9rapie - Annabelle Sabati\\u00e9\",\"isPartOf\":{\"@id\":\"https:\/\/psychannabelle.com\/#website\"},\"datePublished\":\"2020-06-01T18:30:44+00:00\",\"dateModified\":\"2022-10-28T17:21:17+00:00\",\"inLanguage\":\"fr-FR\",\"potentialAction\":[{\"@type\":\"ReadAction\",\"target\":[\"https:\/\/psychannabelle.com\/index.php\/sophrologie\/\"]}]}]}<\/script>\n<!-- \/ Yoast SEO plugin. -->","_links":{"self":[{"href":"https:\/\/psychannabelle.com\/index.php\/wp-json\/wp\/v2\/pages\/100"}],"collection":[{"href":"https:\/\/psychannabelle.com\/index.php\/wp-json\/wp\/v2\/pages"}],"about":[{"href":"https:\/\/psychannabelle.com\/index.php\/wp-json\/wp\/v2\/types\/page"}],"author":[{"embeddable":true,"href":"https:\/\/psychannabelle.com\/index.php\/wp-json\/wp\/v2\/users\/1"}],"replies":[{"embeddable":true,"href":"https:\/\/psychannabelle.com\/index.php\/wp-json\/wp\/v2\/comments?post=100"}],"version-history":[{"count":4,"href":"https:\/\/psychannabelle.com\/index.php\/wp-json\/wp\/v2\/pages\/100\/revisions"}],"predecessor-version":[{"id":453,"href":"https:\/\/psychannabelle.com\/index.php\/wp-json\/wp\/v2\/pages\/100\/revisions\/453"}],"wp:attachment":[{"href":"https:\/\/psychannabelle.com\/index.php\/wp-json\/wp\/v2\/media?parent=100"}],"curies":[{"name":"wp","href":"https:\/\/api.w.org\/{rel}","templated":true}]}}